{"id":4,"date":"2023-07-11T08:27:53","date_gmt":"2023-07-11T08:27:53","guid":{"rendered":"https:\/\/menschtotem.de\/?page_id=4"},"modified":"2023-07-25T07:33:38","modified_gmt":"2023-07-25T07:33:38","slug":"willkommen-auf-https-menschtotem-de","status":"publish","type":"page","link":"https:\/\/menschtotem.de\/","title":{"rendered":"Willkommen auf Menschtotem.de"},"content":{"rendered":"\n<p>Seit meinem fr\u00fchen Elternverlust besch\u00e4ftigt mich Menschsein im Diesseits und Jenseits. Lange Zeit blieben mir Ersatzeltern verwehrt. Im Jugendalter erlebte ich in Pflegefamilien die R\u00fcckkehr zu selbstbestimmtem Leben. Trotz langj\u00e4hrigen Kindesmissbrauchs in Massenunterk\u00fcnften gelang mir eine erfolgreiche pers\u00f6nliche Entwicklung. In meinem letzten Lebensabschnitt des Diesseits zeige ich auf, wie dies m\u00f6glich war.  <\/p>\n\n\n\n<p><\/p>\n","protected":false},"excerpt":{"rendered":"<p>Seit meinem fr\u00fchen Elternverlust besch\u00e4ftigt mich Menschsein im Diesseits und Jenseits. Lange Zeit blieben mir Ersatzeltern verwehrt. Im Jugendalter erlebte ich in Pflegefamilien die R\u00fcckkehr zu selbstbestimmtem Leben. Trotz langj\u00e4hrigen Kindesmissbrauchs in Massenunterk\u00fcnften gelang mir eine erfolgreiche pers\u00f6nliche Entwicklung. In meinem letzten Lebensabschnitt des Diesseits zeige ich auf, wie dies m\u00f6glich war.<\/p>\n","protected":false},"author":1,"featured_media":0,"parent":0,"menu_order":0,"comment_status":"closed","ping_status":"open","template":"","meta":[],"_links":{"self":[{"href":"https:\/\/menschtotem.de\/index.php?rest_route=\/wp\/v2\/pages\/4"}],"collection":[{"href":"https:\/\/menschtotem.de\/index.php?rest_route=\/wp\/v2\/pages"}],"about":[{"href":"https:\/\/menschtotem.de\/index.php?rest_route=\/wp\/v2\/types\/page"}],"author":[{"embeddable":true,"href":"https:\/\/menschtotem.de\/index.php?rest_route=\/wp\/v2\/users\/1"}],"replies":[{"embeddable":true,"href":"https:\/\/menschtotem.de\/index.php?rest_route=%2Fwp%2Fv2%2Fcomments&post=4"}],"version-history":[{"count":4,"href":"https:\/\/menschtotem.de\/index.php?rest_route=\/wp\/v2\/pages\/4\/revisions"}],"predecessor-version":[{"id":87,"href":"https:\/\/menschtotem.de\/index.php?rest_route=\/wp\/v2\/pages\/4\/revisions\/87"}],"wp:attachment":[{"href":"https:\/\/menschtotem.de\/index.php?rest_route=%2Fwp%2Fv2%2Fmedia&parent=4"}],"curies":[{"name":"wp","href":"https:\/\/api.w.org\/{rel}","templated":true}]}}